t y(n) = n**2 + 5*n - 13. Let t be y(6). Calculate the highest common factor of t and q.
53
Let k be (2 + -4)*(1 - 3). Suppose 5*z = 4*m - 49, k*z = 3*m - 0*z - 38. Suppose -13*i + 2640 = 75*i. What is the greatest common divisor of i and m?
6
Let s(w) = w - 32. Let k be s(35). Suppose 147 = 5*i - 3*l - 125, 4*l = k*i - 172. What is the highest common factor of 65 and i?
13
Let n = 42 + -45. Let i be -4 + (n - (0 - -1 - 16)). What is the greatest common factor of i and 328?
8
Suppose 3*o - 315 = -0*o. Let a(x) = 94*x**2 - 10*x - 11. Let c be a(-2). Calculate the highest common divisor of o and c.
35
Let j be 14/(-3)*-108*12/126. Let d be (33 - 0)*32/j. What is the greatest common factor of 55 and d?
11
Let v be (48 - 136263/(-212))*(53 + -1). Calculate the greatest common factor of 117 and v.
117
Suppose z - 3 = -i + 2, -z = -i + 13. Let f = 204 - 390. Let k = -123 - f. Calculate the highest common divisor of k and i.
9
Let g(h) = 4*h**2 + 46*h + 48. Let u be g(-12). Calculate the highest common divisor of u and 3465.
9
Let h = -599 - -600. Let t be 1/(h/(-14))*(7 + -8). Calculate the greatest common factor of 112 and t.
14
Suppose 9*f - 298 - 491 = 642. Calculate the greatest common factor of f and 13674.
159
Let c = -3223 - -3367. What is the greatest common divisor of 2832 and c?
48
Suppose 1995 = 22*r - 17*r. Suppose n - 532 = -3*n - 4*c, 5*c = 3*n - r. What is the highest common factor of 19 and n?
19
Let l(f) = -56*f + 1. Let g be l(-4). Suppose -h + x - 238 = 4*x, 5*h - 5*x + 1190 = 0. Let p = h + 328. Calculate the highest common divisor of g and p.
45
Suppose 3*i + m - 2270 - 28 = 0, m = 4*i - 3078. Calculate the greatest common divisor of 60 and i.
12
Let l = -239 + 684. Let w(z) = 26*z + 317. Let v be w(-12). Calculate the greatest common factor of l and v.
5
Let s(l) = 9*l - 2. Let y be s(1). Let c = 1047 - 1046. What is the greatest common factor of c and y?
1
Let l = -34 + 36. Suppose 0*h + v = -h + 5, 2*h - l = 2*v. Suppose -3*o + 306 = -h*d, -3*o - 110 + 413 = -4*d. What is the greatest common factor of 42 and o?
21
Suppose 405 = 92*n - 65*n. What is the highest common factor of n and 303?
3
Let m(v) = v**2 - 12. Let b be m(-4). Let c be (3/1 - b) + 42. Let a = 357 + -70. Calculate the greatest common divisor of c and a.
41
Let k(i) = 3*i - 1. Let b(f) = -4*f**2 - 18*f + 20. Let c(t) = -b(t) - 3*k(t). Let p be c(2). What is the highest common divisor of 1 and p?
1
Let k(n) be the second derivative of 2*n**2 + 1/6*n**3 + 0 - n + 1/4*n**4. Let a be k(-3). What is the greatest common divisor of a and 7?
7
Let t be 17/5 - (-4)/(-10). Suppose 2*k = 3*f + 513, 483 = 2*k + f + 2*f. Suppose 14*v - k = 297. What is the greatest common factor of t and v?
3
Let q(s) = 9*s**2 + 13*s - 4. Let g be q(6). Let w = g - 365. What is the highest common factor of w and 12?
3
Let u(n) = -n**2 + 40*n - 223. Let m = 124 - 91. Let c be u(m). Suppose -4*h + 3*r = -17, -2*h + 41 = r + 4*r. What is the highest common factor of h and c?
8
Let l = 22 + -10. Suppose -68*w - 2752 = -52*w. Let o = w + 400. Calculate the highest common divisor of l and o.
12
Let p(t) be the third derivative of 31*t**5/30 + t**4/4 - t**3/6 - 64*t**2. Let q be p(-2). Let b = 96 - 2. What is the greatest common factor of q and b?
47
Suppose -2*q - 4*m + 130 = 0, 4*q - 2*q - 2*m = 142. Let d = -75 + q. Let o be 15 - 2/8*(d - -2). What is the highest common divisor of 112 and o?
16
Let o(h) = 345*h - 336. Let b be o(1). Let v = -7 - -10. Suppose v*y - 80 = 28. What is the greatest common divisor of b and y?
9
Let s be (4/(-2))/(-2) + -18 - 3. Let o be (s - -15) + 1*5. Suppose o = 19*h - 11*h - 1144. What is the highest common factor of h and 11?
11
Let i(f) = 2*f**3 + 3*f**2 + 3. Suppose 7 = -2*r - 3*l - 5, 3 = r - 3*l. Let d be i(r). Let b = -21 - d. What is the greatest common factor of b and 24?
3
Suppose 150*m - 2 = 149*m. Suppose 66 = n + 4*s, m*s + 102 = 4*n - 108. What is the greatest common divisor of 135 and n?
27
Let s = -3778 + 5614. What is the greatest common factor of 6 and s?
6
Let t(d) = d + 40. Suppose -3*n = -n. Let m be t(n). Suppose 4*f = 4*k - 8, 0 = -4*k - 3*f - 11 + 40. Calculate the greatest common factor of k and m.
5
Let z = 2293 - 1591. Let r be 1024/18 - (-78)/z. Calculate the highest common divisor of 399 and r.
57
Let n be 8 - (7 - (6 + -2)). Suppose 11 = -2*k + 3, n*f = 3*k + 182. What is the highest common divisor of f and 238?
34
Suppose 6*n = 8*n + 2*p - 2068, 2088 = 2*n - 3*p. Calculate the highest common factor of n and 30.
6
Let j(w) = w**3 + 12*w**2 + 13. Let u be j(-9). Suppose -39*o = -128 - 184. What is the greatest common factor of u and o?
8
Let a = -3013 - -5103. What is the greatest common divisor of 38 and a?
38
Suppose 2*j = 2, -2*j = -0*l + 2*l - 710. Let q = -109 + l. Suppose -11*m = -15*m + 140. What is the greatest common divisor of q and m?
35
Let g(a) = a**2 - 3*a + 5. Let p be g(3). Suppose -3*r = -p*y - 45, 2*y - 8 = -2*r - 2*y. Calculate the greatest common divisor of 14 and r.
2
Suppose 0 = 5*z + 3*d - 3097, 7*d - 10*d - 1887 = -3*z. Calculate the greatest common divisor of 21 and z.
7
Suppose v - 120 = -3*v. Suppose 46*a - 829 = 580 + 1811. What is the greatest common factor of v and a?
10
Suppose 4*p = -p + 260. Suppose 0 = -l + p + 36. Suppose -5*y + 10*y = 3*w + 101, 32 = 2*y - 4*w. Calculate the greatest common divisor of l and y.
22
Let m be 0 - 3 - (-3 + -57). Let a(y) = y**3 + 16*y**2 + 19*y + 22. Let k be a(-15). Let i = m + k. What is the greatest common factor of i and 133?
19
Let x be -2 + 13/(39/(-174)). Let g be (-724)/(-18) - x/(-270). What is the greatest common factor of g and 24?
8
Suppose -7605*x - 2646 = -7626*x. Calculate the greatest common divisor of 819 and x.
63
Let k(r) be the second derivative of r**4/12 - 5*r**2 + 3*r - 31. Let l be k(7). Suppose -2*g - 130 = -4*g. Calculate the greatest common factor of l and g.
13
Let k = 224 + -138. Let i be ((-14)/2)/((-301)/k). Calculate the greatest common factor of i and 4.
2
Let s be 7340/30 + 2/6. Suppose 126 = -7*h + 9*h. Let f = h - 28. What is the highest common factor of f and s?
35
Let i(h) = 6*h + 53. Let d be (-3 - (-58)/12)/(10/60). Let n be i(d). Calculate the greatest common divisor of 7 and n.
7
Let o = 2872 - -32. What is the greatest common factor of 48 and o?
24
Let i be 1/12 - (-7675)/60. Let y be (i/9 - -1) + (-34)/153. What is the highest common divisor of 60 and y?
15
Let w(c) be the first derivative of 19*c**4/2 + c**3/3 - 4*c**2 + 12*c - 79. Let y be w(2). Calculate the highest common divisor of y and 16.
16
Suppose -2*x + 10 = -2*q - q, -6 = 2*x + 5*q. Let k(y) = -1 - 8*y**3 - 4*y**x - 1 + 2 - 3*y. Let h be k(-3). What is the highest common divisor of 21 and h?
21
Let a = -647 + 854. Let g(t) = t + 69. Let f be g(0). Let i = a - f. Calculate the greatest common factor of i and 46.
46
Let t(g) = 4*g**2 + 332*g - 110. Let r be t(-85). What is the greatest common divisor of 10070 and r?
190
Let b(s) = -s + 31. Let k be b(27). Suppose -1380 = 5*y - 9*y - 4*c, -k*y + 3*c + 1345 = 0. Calculate the highest common factor of y and 68.
68
Let x be 5 - (-37)/((-111)/(-5520)). What is the highest common factor of 45 and x?
45
Suppose 15 = -a + 6*a - 5*l, -a + 5 = l. Let m be (a/(-3))/(-4)*6. Suppose 0 = m*y + 7*y - 72. What is the greatest common factor of y and 1?
1
Suppose -2*a + 6*a = 116. Suppose -5 = l, -a*q - 4*l + 64 = -26*q. Let m(y) = 12*y - 4. Let g be m(5). Calculate the greatest common divisor of q and g.
28
Let n(y) = y**3 + 9*y + 77. Let u be n(0). Let r = 80 - u. What is the greatest common factor of r and 177?
3
Let f be (-5 + (-816)/(-144))/(1/((-21507)/(-2))). What is the highest common factor of 67 and f?
67
Suppose 2*i - 34*l + 33*l - 73 = 0, -5*i + 5*l = -170. Calculate the highest common factor of i and 13.
13
Suppose -7 = -f + 9. Let h(j) = j**2 + 39*j - 5156. Let k be h(-100). Calculate the greatest common divisor of f and k.
16
Suppose q - 3*y = 0, 5*y - 18 - 2 = 0. Suppose i + 2*i = 4*w + 14, q = 5*i - w. Suppose -5*m - 18 = -48. Calculate the greatest common divisor of m and i.
2
Let z(q) = q**2 - 12*q - 62. Let l be z(-4). Suppose 1276 = 3*x - 5*y, -7*y + 884 = l*x - 2*y. What is the greatest common divisor of 54 a